
Does 21 divide 1696?
False
Does 10 divide 17?
False
Is 8 a factor of 2009?
False
Is 68 a factor of 1020?
True
Does 84 divide 3108?
True
Does 8 divide 4609?
False
Does 57 divide 4023?
False
Is 11 a factor of 1316?
False
Is 191 a factor of 15089?
True
Is 58 a multiple of 29?
True
Is 68613 a multiple of 281?
False
Is 3 a factor of 13?
False
Does 57 divide 8664?
True
Is 18 a factor of 144?
True
Does 33 divide 4257?
True
Is 20 a factor of 578?
False
Is 141 a factor of 53862?
True
Does 27 divide 12295?
False
Is 16896 a multiple of 128?
True
Is 177 a factor of 1269?
False
Is 52 a factor of 260?
True
Does 5 divide 93?
False
Does 22 divide 3256?
True
Does 16 divide 92?
False
Is 268 a multiple of 9?
False
Is 111 a multiple of 3?
True
Is 16 a factor of 833?
False
Is 65 a factor of 102310?
True
Does 17 divide 2611?
False
Is 7424 a multiple of 116?
True
Is 28667 a multiple of 263?
True
Is 20 a factor of 6293?
False
Is 12 a factor of 52188?
True
Is 3871 a multiple of 43?
False
Is 30 a factor of 773?
False
Is 14 a factor of 1496?
False
Does 7 divide 2272?
False
Does 78 divide 1872?
True
Does 33 divide 2577?
False
Is 3967 a multiple of 17?
False
Is 5 a factor of 65?
True
Is 38040 a multiple of 82?
False
Is 310 a multiple of 41?
False
Does 53 divide 43990?
True
Is 115 a multiple of 52?
False
Is 13 a factor of 1958?
False
Does 33 divide 2937?
True
Does 2 divide 56?
True
Is 57 a factor of 3549?
False
Is 4 a factor of 536?
True
Is 32 a factor of 10400?
True
Does 38 divide 786?
False
Does 2 divide 263?
False
Does 15 divide 1263?
False
Is 210 a multiple of 10?
True
Is 4995 a multiple of 45?
True
Is 55 a factor of 5115?
True
Does 11 divide 77?
True
Does 18 divide 792?
True
Does 221 divide 14681?
False
Is 12 a factor of 240?
True
Is 11 a factor of 748?
True
Is 686 a multiple of 14?
True
Does 34 divide 1020?
True
Does 5 divide 15965?
True
Does 40 divide 2167?
False
Is 1256 a multiple of 72?
False
Does 29 divide 551?
True
Does 65 divide 1935?
False
Is 998 a multiple of 37?
False
Is 73950 a multiple of 75?
True
Is 1072 a multiple of 16?
True
Is 2749 a multiple of 24?
False
Does 12 divide 79944?
True
Is 4 a factor of 2500?
True
Is 6400 a multiple of 128?
True
Is 1854 a multiple of 6?
True
Does 40 divide 1676?
False
Is 2726 a multiple of 9?
False
Is 3 a factor of 747?
True
Does 4 divide 38?
False
Is 16 a factor of 8416?
True
Is 3 a factor of 1597?
False
Is 25 a factor of 425?
True
Is 20 a factor of 5949?
False
Is 2410 a multiple of 32?
False
Does 4 divide 3431?
False
Does 3 divide 45?
True
Is 32 a factor of 216?
False
Is 11 a factor of 1440?
False
Is 300 a multiple of 60?
True
Is 24 a factor of 2952?
True
Is 2067 a multiple of 13?
True
Is 56 a factor of 29097?
False
Is 22712 a multiple of 11?
False
Is 179 a factor of 8234?
True
Is 500 a multiple of 87?
False
Does 135 divide 5940?
True
Is 35 a factor of 18162?
False
Does 23 divide 736?
True
Does 10 divide 90?
True
Is 29 a factor of 522?
True
Is 4086 a multiple of 18?
True
Is 13480 a multiple of 10?
True
Is 2 a factor of 113?
False
Does 2 divide 235?
False
Does 8 divide 703?
False
Is 14 a factor of 20968?
False
Is 48285 a multiple of 185?
True
Is 700 a multiple of 14?
True
Is 957 a multiple of 33?
True
Is 80 a factor of 21385?
False
Is 2539 a multiple of 4?
False
Is 12525 a multiple of 3?
True
Is 2346 a multiple of 14?
False
Is 239 a factor of 56115?
False
Is 715 a multiple of 80?
False
Is 4 a factor of 2632?
True
Is 4 a multiple of 3?
False
Is 7 a factor of 357?
True
Is 15 a factor of 11190?
True
Is 3336 even?
True
Is 2104 a multiple of 16?
False
Does 12 divide 5136?
True
Is 10 a factor of 224?
False
Is 5368 a multiple of 8?
True
Is 10807 a multiple of 4?
False
Is 12 a factor of 1610?
False
Is 70 a multiple of 4?
False
Does 18 divide 81?
False
Is 5 a factor of 4426?
False
Does 19 divide 1026?
True
Is 242 a factor of 42350?
True
Is 20 a factor of 520?
True
Is 65 a factor of 17290?
True
Does 53 divide 24910?
True
Is 880 a multiple of 4?
True
Does 289 divide 4964?
False
Is 8982 a multiple of 20?
False
Is 132729 a multiple of 28?
False
Is 40 a factor of 520?
True
Is 2880 a multiple of 9?
True
Is 4494 a multiple of 14?
True
Is 45 a factor of 9720?
True
Does 2 divide 28?
True
Is 13 a factor of 351?
True
Is 33488 a multiple of 184?
True
Does 146 divide 81016?
False
Does 54 divide 1728?
True
Is 31 a factor of 8596?
False
Is 561 a multiple of 3?
True
Does 17 divide 1734?
True
Is 5210 a multiple of 21?
False
Is 72096 a multiple of 256?
False
Is 74 a factor of 1480?
True
Is 32 a factor of 873?
False
Is 9847 a multiple of 43?
True
Is 13 a factor of 13195?
True
Does 228 divide 58140?
True
Is 56 a factor of 2632?
True
Does 45 divide 1488?
False
Is 2 a factor of 225?
False
Does 34 divide 714?
True
Is 10 a factor of 9221?
False
Does 21 divide 5832?
False
Is 24552 a multiple of 9?
True
Does 74 divide 5306?
False
Is 5 a factor of 11716?
False
Is 18 a factor of 437?
False
Does 32 divide 704?
True
Does 5 divide 428?
False
Does 87 divide 261?
True
Is 25052 a multiple of 274?
False
Is 25 a factor of 33536?
False
Is 1274 a multiple of 14?
True
Does 9 divide 5688?
True
Is 3380 a multiple of 20?
True
Is 132 a factor of 1848?
True
Is 50 a factor of 9900?
True
Is 15631 a multiple of 49?
True
Does 74 divide 6512?
True
Does 96 divide 3264?
True
Does 16 divide 1691?
False
Does 20 divide 8751?
False
Is 33 a factor of 755?
False
Is 3950 a multiple of 25?
True
Is 2820 a multiple of 12?
True
Is 23 a factor of 852?
False
Is 2753 a multiple of 9?
False
Does 63 divide 1449?
True
Is 13 a factor of 1132?
False
Is 177 a multiple of 10?
False
Does 18 divide 1080?
True
Is 353 a factor of 53384?
False
Is 696 a multiple of 24?
True
Does 4 divide 368?
True
Does 6 divide 144?
True
Is 3468 a multiple of 23?
False
Is 58 a multiple of 4?
False
Is 52 a factor of 36296?
True
Does 12 divide 3168?
True
Is 5474 a multiple of 9?
False
Is 32623 a multiple of 17?
True
Is 16 a factor of 11264?
True
Is 1734 a multiple of 11?
False
Does 214 divide 13579?
False
Does 7 divide 2987?
False
Is 143 a factor of 23162?
False
Is 11327 a multiple of 241?
True
Does 26 divide 1482?
True
Does 54 divide 1026?
True
Is 528 a multiple of 11?
True
Is 288 a multiple of 4?
True
Is 5400 a multiple of 135?
True
Is 8 a factor of 232?
True
Does 62 divide 18166?
True
Is 143 a multiple of 6?
False
Does 22 divide 98186?
True
Is 2533 a multiple of 44?
False
Does 3 divide 5812?
False
Does 9 divide 9646?
False
Is 95 a factor of 16910?
True
Does 65 divide 325?
True
Is 306 a multiple of 102?
True
Does 12 divide 635?
False
Is 363 a multiple of 8?
False
Is 8 a factor of 816?
True
Does 15 divide 73?
False
Does 73 divide 1416?
False
Is 12 a factor of 1104?
True
Does 80 divide 400?
True
Is 79 a factor of 1030?
False
Does 117 divide 23049?
True
Is 10952 a multiple of 8?
True
Is 35568 a multiple of 39?
True
Does 21 divide 44?
False
Does 6 divide 3156?
True
Does 15 divide 19090?
False
Is 27 a factor of 3547?
False
Is 3132 a multiple of 6?
True
Is 4248 a multiple of 18?
True
Is 11386 a multiple of 72?
False
Is 4869 a multiple of 33?
False
Is 13 a factor of 7642?
False
Does 10 divide 3508?
False
Does 26 divide 1118?
True
Is 13395 a multiple of 47?
True
Is 1476 a multiple of 37?
False
Is 24 a factor of 675?
False
Does 34 divide 2822?
True
Is 4028 a multiple of 38?
True
Does 5 divide 11410?
True
Is 11 a factor of 39580?
False
Does 54 divide 201?
False
Does 23 divide 222?
False
Is 28 a factor of 6776?
True
Does 7 divide 2002?
True
Does 15 divide 675?
True
Is 17 a factor of 5846?
False
Does 24 divide 8524?
False
Is 2320 a multiple of 82?
False
Is 9 a factor of 16990?
False
Is 71603 a multiple of 96?
False
Is 7 a factor of 301?
True
Does 2 divide 183?
False
Is 11 a factor of 3107?
False
Does 8 divide 2990?
False
Does 6 divide 1020?
True
Does 87 divide 32451?
True
Is 9 a factor of 864?
True
Does 16 divide 61952?
True
Is 18 a factor of 49598?
False
Does 28 divide 364?
True
Does 85 divide 2839?
False
Is 1022 a multiple of 19?
False
Is 7 a factor of 1512?
True
Does 4 divide 1153?
False
Is 7 a factor of 9378?
False
Is 177 a factor of 49498?
False
Does 369 divide 26732?
False
Is 73 a factor of 950?
False
Is 6 a factor of 7086?
True
Is 18 a factor of 6012?
True
Does 58 divide 4988?
True
Does 39 divide 5936?
False
Is 2071 a multi